{"version":"1.0","provider_name":"123 Emprende","provider_url":"https:\/\/123emprende.com\/blog","author_name":"admin","author_url":"https:\/\/123emprende.com\/blog\/author\/deni_y6ibheej\/","title":"Sube la cuota de los aut\u00f3nomos - 123 Emprende","type":"rich","width":600,"height":338,"html":"<blockquote class=\"wp-embedded-content\" data-secret=\"HL3DLIMXFL\"><a href=\"https:\/\/123emprende.com\/blog\/sube-la-cuota-de-los-autonomos\/\">Sube la cuota de los aut\u00f3nomos<\/a><\/blockquote><iframe sandbox=\"allow-scripts\" security=\"restricted\" src=\"https:\/\/123emprende.com\/blog\/sube-la-cuota-de-los-autonomos\/embed\/#?secret=HL3DLIMXFL\" width=\"600\" height=\"338\" title=\"\u00abSube la cuota de los aut\u00f3nomos\u00bb \u2014 123 Emprende\" data-secret=\"HL3DLIMXFL\" frameborder=\"0\" marginwidth=\"0\" marginheight=\"0\" scrolling=\"no\" class=\"wp-embedded-content\"><\/iframe><script type=\"text\/javascript\">\n\/* <![CDATA[ *\/\n\/*! This file is auto-generated *\/\n!function(d,l){\"use strict\";l.querySelector&&d.addEventListener&&\"undefined\"!=typeof URL&&(d.wp=d.wp||{},d.wp.receiveEmbedMessage||(d.wp.receiveEmbedMessage=function(e){var t=e.data;if((t||t.secret||t.message||t.value)&&!\/[^a-zA-Z0-9]\/.test(t.secret)){for(var s,r,n,a=l.querySelectorAll('iframe[data-secret=\"'+t.secret+'\"]'),o=l.querySelectorAll('blockquote[data-secret=\"'+t.secret+'\"]'),c=new RegExp(\"^https?:$\",\"i\"),i=0;i<o.length;i++)o[i].style.display=\"none\";for(i=0;i<a.length;i++)s=a[i],e.source===s.contentWindow&&(s.removeAttribute(\"style\"),\"height\"===t.message?(1e3<(r=parseInt(t.value,10))?r=1e3:~~r<200&&(r=200),s.height=r):\"link\"===t.message&&(r=new URL(s.getAttribute(\"src\")),n=new URL(t.value),c.test(n.protocol))&&n.host===r.host&&l.activeElement===s&&(d.top.location.href=t.value))}},d.addEventListener(\"message\",d.wp.receiveEmbedMessage,!1),l.addEventListener(\"DOMContentLoaded\",function(){for(var e,t,s=l.querySelectorAll(\"iframe.wp-embedded-content\"),r=0;r<s.length;r++)(t=(e=s[r]).getAttribute(\"data-secret\"))||(t=Math.random().toString(36).substring(2,12),e.src+=\"#?secret=\"+t,e.setAttribute(\"data-secret\",t)),e.contentWindow.postMessage({message:\"ready\",secret:t},\"*\")},!1)))}(window,document);\n\/\/# sourceURL=https:\/\/123emprende.com\/blog\/wp-includes\/js\/wp-embed.min.js\n\/* ]]> *\/\n<\/script>\n","thumbnail_url":"https:\/\/123emprende.com\/blog\/wp-content\/uploads\/2019\/08\/Sube_la_cuota_2.jpg","thumbnail_width":1067,"thumbnail_height":600,"description":"M\u00e1s de tres millones de trabajadores aut\u00f3nomos se ver\u00e1n afectados por una subida de las cuotas a la Seguridad Social y los que cotizan por la base m\u00ednima pagar\u00e1n cuatro euros m\u00e1s al mes. La aprobaci\u00f3n de los Presupuestos Generales del Estado ha tra\u00eddo consigo importantes novedades como la bajada del IVA, la subida de [&hellip;]"}

Sube la cuota de los autónomos - 123 Emprende

<blockquote class="wp-embedded-content" data-secret="HL3DLIMXFL"><a href="https://123emprende.com/blog/sube-la-cuota-de-los-autonomos/">Sube la cuota de los autónomos</a></blockquote><iframe sandbox="allow-scripts" security="restricted" src="https://123emprende.com/blog/sube-la-cuota-de-los-autonomos/embed/#?secret=HL3DLIMXFL" width="600" height="338" title="«Sube la cuota de los autónomos» — 123 Emprende" data-secret="HL3DLIMXFL" frameborder="0" marginwidth="0" marginheight="0" scrolling="no" class="wp-embedded-content"></iframe><script type="text/javascript">
/* <![CDATA[ */
/*! This file is auto-generated */
!function(d,l){"use strict";l.querySelector&&d.addEventListener&&"undefined"!=typeof URL&&(d.wp=d.wp||{},d.wp.receiveEmbedMessage||(d.wp.receiveEmbedMessage=function(e){var t=e.data;if((t||t.secret||t.message||t.value)&&!/[^a-zA-Z0-9]/.test(t.secret)){for(var s,r,n,a=l.querySelectorAll('iframe[data-secret="'+t.secret+'"]'),o=l.querySelectorAll('blockquote[data-secret="'+t.secret+'"]'),c=new RegExp("^https?:$","i"),i=0;i<o.length;i++)o[i].style.display="none";for(i=0;i<a.length;i++)s=a[i],e.source===s.contentWindow&&(s.removeAttribute("style"),"height"===t.message?(1e3<(r=parseInt(t.value,10))?r=1e3:~~r<200&&(r=200),s.height=r):"link"===t.message&&(r=new URL(s.getAttribute("src")),n=new URL(t.value),c.test(n.protocol))&&n.host===r.host&&l.activeElement===s&&(d.top.location.href=t.value))}},d.addEventListener("message",d.wp.receiveEmbedMessage,!1),l.addEventListener("DOMContentLoaded",function(){for(var e,t,s=l.querySelectorAll("iframe.wp-embedded-content"),r=0;r<s.length;r++)(t=(e=s[r]).getAttribute("data-secret"))||(t=Math.random().toString(36).substring(2,12),e.src+="#?secret="+t,e.setAttribute("data-secret",t)),e.contentWindow.postMessage({message:"ready",secret:t},"*")},!1)))}(window,document);
//# sourceURL=https://123emprende.com/blog/wp-includes/js/wp-embed.min.js
/* ]]> */
</script>

Más de tres millones de trabajadores autónomos se verán afectados por una subida de las cuotas a la Seguridad Social y los que cotizan por la base mínima pagarán cuatro euros más al mes. La aprobación de los Presupuestos Generales del Estado ha traído consigo importantes novedades como la bajada del IVA, la subida de [&hellip;]
